 193
What are the prime factors of 1781?
13, 137
What are the prime factors of 2777?
2777
What are the prime factors of 22864?
2, 1429
What are the prime factors of 89597?
89597
List the prime factors of 14524.
2, 3631
What are the prime factors of 2350?
2, 5, 47
List the prime factors of 1350.
2, 3, 5
List the prime factors of 36001.
7, 37, 139
What are the prime factors of 36283?
13, 2791
What are the prime factors of 4326?
2, 3, 7, 103
What are the prime factors of 925?
5, 37
List the prime factors of 2031.
3, 677
What are the prime factors of 5143?
37, 139
List the prime factors of 35600.
2, 5, 89
List the prime factors of 222.
2, 3, 37
List the prime factors of 36788.
2, 17, 541
List the prime factors of 38344.
2, 4793
What are the prime factors of 6874?
2, 7, 491
What are the prime factors of 58674?
2, 3, 7, 11, 127
List the prime factors of 1801.
1801
List the prime factors of 513.
3, 19
List the prime factors of 27796.
2, 6949
List the prime factors of 9373.
7, 13, 103
What are the prime factors of 4548?
2, 3, 379
What are the prime factors of 9546?
2, 3, 37, 43
List the prime factors of 109963.
7, 23, 683
List the prime factors of 2447.
2447
List the prime factors of 13092.
2, 3, 1091
What are the prime factors of 809?
809
List the prime factors of 14647.
97, 151
List the prime factors of 6554.
2, 29, 113
What are the prime factors of 982?
2, 491
What are the prime factors of 3661?
7, 523
List the prime factors of 3759.
3, 7, 179
List the prime factors of 4329.
3, 13, 37
List the prime factors of 42527.
23, 43
List the prime factors of 2146.
2, 29, 37
What are the prime factors of 47695?
5, 9539
List the prime factors of 144910.
2, 5, 43, 337
What are the prime factors of 15568?
2, 7, 139
List the prime factors of 94020.
2, 3, 5, 1567
What are the prime factors of 63962?
2, 31981
What are the prime factors of 1890?
2, 3, 5, 7
List the prime factors of 23056.
2, 11, 131
What are the prime factors of 9675?
3, 5, 43
What are the prime factors of 905?
5, 181
List the prime factors of 1833.
3, 13, 47
What are the prime factors of 343?
7
List the prime factors of 4320.
2, 3, 5
List the prime factors of 7941.
3, 2647
List the prime factors of 62919.
3, 6991
List the prime factors of 92354.
2, 61, 757
List the prime factors of 2736.
2, 3, 19
What are the prime factors of 1387?
19, 73
List the prime factors of 16085.
5, 3217
What are the prime factors of 7710?
2, 3, 5, 257
What are the prime factors of 20976?
2, 3, 19, 23
What are the prime factors of 66562?
2, 23, 1447
List the prime factors of 6270.
2, 3, 5, 11, 19
List the prime factors of 29633.
29633
What are the prime factors of 1523?
1523
What are the prime factors of 3511?
3511
What are the prime factors of 1717?
17, 101
List the prime factors of 72266.
2, 23, 1571
What are the prime factors of 787?
787
List the prime factors of 500.
2, 5
List the prime factors of 36549.
3, 31, 131
What are the prime factors of 949?
13, 73
What are the prime factors of 5361?
3, 1787
What are the prime factors of 25408?
2, 397
What are the prime factors of 14001?
3, 13, 359
What are the prime factors of 85?
5, 17
List the prime factors of 3002.
2, 19, 79
What are the prime factors of 11479?
13, 883
What are the prime factors of 2586?
2, 3, 431
What are the prime factors of 17710?
2, 5, 7, 11, 23
List the prime factors of 86.
2, 43
List the prime factors of 87583.
87583
List the prime factors of 2540.
2, 5, 127
List the prime factors of 54174.
2, 3, 9029
What are the prime factors of 2345?
5, 7, 67
What are the prime factors of 4235?
5, 7, 11
List the prime factors of 39486.
2, 3, 6581
What are the prime factors of 37238?
2, 43, 433
What are the prime factors of 1414?
2, 7, 101
List the prime factors of 1152.
2, 3
List the prime factors of 1150.
2, 5, 23
What are the prime factors of 150?
2, 3, 5
What are the prime factors of 48070?
2, 5, 11, 19, 23
What are the prime factors of 8222?
2, 4111
List the prime factors of 6684.
2, 3, 557
List the prime factors of 4311.
3, 479
What are the prime factors of 16807?
7
What are the prime factors of 18308?
2, 23, 199
List the prime factors of 893.
19, 47
What are the prime factors of 17362?
2, 8681
List the prime factors of 2340.
2, 3, 5, 13
What are the prime factors of 544?
2, 17
What are the prime factors of 472?
2, 59
What are the prime factors of 36376?
2, 4547
What are the prime factors of 10548?
2, 3, 293
What are the prime factors of 79143?
3, 23, 31, 37
What are the prime factors of 4548?
2, 3, 379
What are the prime factors of 2386?
2, 1193
List the prime factors of 1077.
3, 359
List the prime factors of 59301.
3, 11, 599
List the prime factors of 318.
2, 3, 53
List the prime factors of 1557.
3, 173
List the prime factors of 18679.
18679
What are the prime factors of 14177?
14177
What are the prime factors of 3383?
17, 199
What are the prime factors of 6074?
2, 3037
What are the prime factors of 107537?
53, 2029
List the prime factors of 11538.
2, 3, 641
List the prime factors of 39891.
3, 13297
What are the prime factors of 687?
3, 229
List the prime factors of 2947.
7, 421
List the prime factors of 19852.
2, 7, 709
What are the prime factors of 850?
2, 5, 17
What are the prime factors of 1496?
2, 11, 17
What are the prime factors of 4669?
7, 23, 29
List the prime factors of 890.
2, 5, 89
What are the prime factors of 2827?
11, 257
What are the prime factors of 11313?
3, 419
What are the prime factors of 10442?
2, 23, 227
List the prime factors of 1121.
19, 59
What are the prime factors of 886?
2, 443
What are the prime factors of 1868?
2, 467
What are the prime factors of 1172?
2, 293
List the prime factors of 1723.
1723
List the prime factors of 1868.
2, 467
List the prime factors of 44398.
2, 79, 281
List the prime factors of 3191.
3191
What are the prime factors of 56332?
2, 14083
What are the prime factors of 39045?
3, 5, 19, 137
List the prime factors of 4529.
7, 647
List the prime factors of 15855.
3, 5, 7, 151
List the prime factors of 18811.
13, 1447
What are the prime factors of 22875?
3, 5, 61
What are the prime factors of 180797?
180797
What are the prime factors of 18044?
2, 13, 347
List the prime factors of 105247.
17, 41, 151
What are the prime factors of 59783?
191, 313
What are the prime factors of 19522?
2, 43, 227
List the prime factors of 16408.
2, 7, 293
List the prime factors of 1769.
29, 61
List the prime factors of 14743.
23, 641
List the prime factors of 7243.
7243
List the prime factors of 3646.
2, 1823
List the prime factors of 1435.
5, 7, 41
What are the prime factors of 6283?
61, 103
What are the prime factors of 1835?
5, 367
List the prime factors of 10157.
7, 1451
What are the prime factors of 6399?
3, 79
List the prime factors of 731.
17, 43
List the prime factors of 134233.
11, 12203
What are the prime factors of 92359?
19, 4861
What are the prime factors of 17070?
2, 3, 5, 569
List the prime factors of 1621.
1621
What are the prime factors of 54376?
2, 7, 971
What are the prime factors of 6029?
6029
List the prime factors of 1580.
2, 5, 79
What are the prime factors of 11248?
2, 19, 37
What are the prime factors of 13407?
3, 41, 109
List the prime factors of 84743.
83, 1021
List the prime factors of 12226.
2, 6113
List the prime factors of 1509.
3, 503
List the prime factors of 61759.
151, 409
List the prime factors of 62499.
3, 83, 251
List the prime factors of 6689.
6689
What are the prime factors of 10254?
2, 3, 1709
What are the prime factors of 14248?
2, 13, 137
List the prime factors of 22031.
22031
List the prime factors of 330.
2, 3, 5, 11
List the prime factors of 2038.
2, 1019
List the prime factors of 16357.
11, 1487
List the prime factors of 2971.
2971
What are the prime factors of 500?
2, 5
List the prime factors of 1722.
2, 3, 7, 41
What are the prime factors of 482?
2, 241
List the prime factors of 1725.
3, 5, 23
List the prime factors of 104651.
104651
List the prime factors of 29748.
2, 3, 37, 67
List the prime factors of 1710.
2, 3, 5, 19
What are the prime factors of 1414?
2, 7, 101
What are the prime factors of 379?
379
What are the prime factors of 3504?
2, 3, 73
What are the prime factors of 4030?
2, 5, 13, 31
What are the prime factors of 3454?
2, 11, 157
List the prime factors of 160.
2, 5
W